{"version":"1.0","provider_name":"Inicio - Climbat | Climbing gyms","provider_url":"https:\/\/climbat.com\/ca\/","author_name":"marketing","author_url":"https:\/\/climbat.com\/ca\/author\/marketing\/","title":"R\u00c8CORD DE PARTICIPANTS AL WINTER FESTIVAL! - Inicio - Climbat | Climbing gyms","type":"rich","width":600,"height":338,"html":"<blockquote class=\"wp-embedded-content\" data-secret=\"ULTH841IJg\"><a href=\"https:\/\/climbat.com\/ca\/record-de-participants-al-winter-festival\/\">R\u00c8CORD DE PARTICIPANTS AL WINTER FESTIVAL!<\/a><\/blockquote><iframe sandbox=\"allow-scripts\" security=\"restricted\" src=\"https:\/\/climbat.com\/ca\/record-de-participants-al-winter-festival\/embed\/#?secret=ULTH841IJg\" width=\"600\" height=\"338\" title=\"&#8220;R\u00c8CORD DE PARTICIPANTS AL WINTER FESTIVAL!&#8221; &#8212; Inicio - Climbat | Climbing gyms\" data-secret=\"ULTH841IJg\" frameborder=\"0\" marginwidth=\"0\" marginheight=\"0\" scrolling=\"no\" class=\"wp-embedded-content\"><\/iframe><script type=\"text\/javascript\">\n\/*! This file is auto-generated *\/\n!function(c,d){\"use strict\";var e=!1,o=!1;if(d.querySelector)if(c.addEventListener)e=!0;if(c.wp=c.wp||{},c.wp.receiveEmbedMessage);else if(c.wp.receiveEmbedMessage=function(e){var t=e.data;if(!t);else if(!(t.secret||t.message||t.value));else if(\/[^a-zA-Z0-9]\/.test(t.secret));else{for(var r,s,a,i=d.querySelectorAll('iframe[data-secret=\"'+t.secret+'\"]'),n=d.querySelectorAll('blockquote[data-secret=\"'+t.secret+'\"]'),o=new RegExp(\"^https?:$\",\"i\"),l=0;l<n.length;l++)n[l].style.display=\"none\";for(l=0;l<i.length;l++)if(r=i[l],e.source!==r.contentWindow);else{if(r.removeAttribute(\"style\"),\"height\"===t.message){if(1e3<(s=parseInt(t.value,10)))s=1e3;else if(~~s<200)s=200;r.height=s}if(\"link\"===t.message)if(s=d.createElement(\"a\"),a=d.createElement(\"a\"),s.href=r.getAttribute(\"src\"),a.href=t.value,!o.test(a.protocol));else if(a.host===s.host)if(d.activeElement===r)c.top.location.href=t.value}}},e)c.addEventListener(\"message\",c.wp.receiveEmbedMessage,!1),d.addEventListener(\"DOMContentLoaded\",t,!1),c.addEventListener(\"load\",t,!1);function t(){if(o);else{o=!0;for(var e,t,r,s=-1!==navigator.appVersion.indexOf(\"MSIE 10\"),a=!!navigator.userAgent.match(\/Trident.*rv:11\\.\/),i=d.querySelectorAll(\"iframe.wp-embedded-content\"),n=0;n<i.length;n++){if(!(r=(t=i[n]).getAttribute(\"data-secret\")))r=Math.random().toString(36).substr(2,10),t.src+=\"#?secret=\"+r,t.setAttribute(\"data-secret\",r);if(s||a)(e=t.cloneNode(!0)).removeAttribute(\"security\"),t.parentNode.replaceChild(e,t);t.contentWindow.postMessage({message:\"ready\",secret:r},\"*\")}}}}(window,document);\n<\/script>\n","thumbnail_url":"https:\/\/climbat.com\/wp-content\/uploads\/2024\/11\/WINTER-NDP-LOW19.jpeg","thumbnail_width":1600,"thumbnail_height":1067,"description":"El Winter Festival 2024 ha tornat als cinc centres Climbat, aconseguint un \u00e8xit de participaci\u00f3 en la seva m\u00e9s recent edici\u00f3 celebrada el 23 de novembre. Aquest esdeveniment s&#8217;ha convertit en un referent per a la comunitat d&#8217;escaladors i escaladores, que troben en ell un open l\u00fadic amb el qual celebrar l&#8217;esport que m\u00e9s ens agrada. Amb m\u00e9s de 880 participants i simult\u00e0niament en els 5 centres Climbat, el Winter Festival va oferir als i les assistents l&#8217;oportunitat d&#8217;enfrontar-se a nous blocs i vies dissenyats per a estimular tant la creativitat com la superaci\u00f3 personal. A m\u00e9s dels blocs i vies, en el Winter Festival els millors moments del dia es van viure durant les proves com el concurs de llancis, mostrant la destresa i precisi\u00f3 dels escaladors i escaladors, el bloc per parelles, el ja fam\u00f3s &#8220;Escalabirres&#8221;, amb r\u00e8cord d&#8217;altura i el \u201cLlan\u00e7ament al pernil\u201d, que s&#8217;ha convertit en un imprescindible de les \u00faltimes edicions. Aix\u00f2 ha estat possible gr\u00e0cies a les marques producte oficial Boreal, Singing Rock, +8000, Climbskin, Fixe i Edelrid, les marques de preses Grashopper, Thrill Seeker i Didak\u2019s, les empreses d&#8217;alimentaci\u00f3 Goya, Frit Ravich, Qualianza i Cervesa L&#8217;Aguila i la tenda especialitzada en productes de..."}

RÈCORD DE PARTICIPANTS AL WINTER FESTIVAL! - Inicio - Climbat | Climbing gyms

<blockquote class="wp-embedded-content" data-secret="ULTH841IJg"><a href="https://climbat.com/ca/record-de-participants-al-winter-festival/">RÈCORD DE PARTICIPANTS AL WINTER FESTIVAL!</a></blockquote><iframe sandbox="allow-scripts" security="restricted" src="https://climbat.com/ca/record-de-participants-al-winter-festival/embed/#?secret=ULTH841IJg" width="600" height="338" title="&#8220;RÈCORD DE PARTICIPANTS AL WINTER FESTIVAL!&#8221; &#8212; Inicio - Climbat | Climbing gyms" data-secret="ULTH841IJg" frameborder="0" marginwidth="0" marginheight="0" scrolling="no" class="wp-embedded-content"></iframe><script type="text/javascript">
/*! This file is auto-generated */
!function(c,d){"use strict";var e=!1,o=!1;if(d.querySelector)if(c.addEventListener)e=!0;if(c.wp=c.wp||{},c.wp.receiveEmbedMessage);else if(c.wp.receiveEmbedMessage=function(e){var t=e.data;if(!t);else if(!(t.secret||t.message||t.value));else if(/[^a-zA-Z0-9]/.test(t.secret));else{for(var r,s,a,i=d.querySelectorAll('iframe[data-secret="'+t.secret+'"]'),n=d.querySelectorAll('blockquote[data-secret="'+t.secret+'"]'),o=new RegExp("^https?:$","i"),l=0;l<n.length;l++)n[l].style.display="none";for(l=0;l<i.length;l++)if(r=i[l],e.source!==r.contentWindow);else{if(r.removeAttribute("style"),"height"===t.message){if(1e3<(s=parseInt(t.value,10)))s=1e3;else if(~~s<200)s=200;r.height=s}if("link"===t.message)if(s=d.createElement("a"),a=d.createElement("a"),s.href=r.getAttribute("src"),a.href=t.value,!o.test(a.protocol));else if(a.host===s.host)if(d.activeElement===r)c.top.location.href=t.value}}},e)c.addEventListener("message",c.wp.receiveEmbedMessage,!1),d.addEventListener("DOMContentLoaded",t,!1),c.addEventListener("load",t,!1);function t(){if(o);else{o=!0;for(var e,t,r,s=-1!==navigator.appVersion.indexOf("MSIE 10"),a=!!navigator.userAgent.match(/Trident.*rv:11\./),i=d.querySelectorAll("iframe.wp-embedded-content"),n=0;n<i.length;n++){if(!(r=(t=i[n]).getAttribute("data-secret")))r=Math.random().toString(36).substr(2,10),t.src+="#?secret="+r,t.setAttribute("data-secret",r);if(s||a)(e=t.cloneNode(!0)).removeAttribute("security"),t.parentNode.replaceChild(e,t);t.contentWindow.postMessage({message:"ready",secret:r},"*")}}}}(window,document);
</script>

El Winter Festival 2024 ha tornat als cinc centres Climbat, aconseguint un èxit de participació en la seva més recent edició celebrada el 23 de novembre. Aquest esdeveniment s&#8217;ha convertit en un referent per a la comunitat d&#8217;escaladors i escaladores, que troben en ell un open lúdic amb el qual celebrar l&#8217;esport que més ens agrada. Amb més de 880 participants i simultàniament en els 5 centres Climbat, el Winter Festival va oferir als i les assistents l&#8217;oportunitat d&#8217;enfrontar-se a nous blocs i vies dissenyats per a estimular tant la creativitat com la superació personal. A més dels blocs i vies, en el Winter Festival els millors moments del dia es van viure durant les proves com el concurs de llancis, mostrant la destresa i precisió dels escaladors i escaladors, el bloc per parelles, el ja famós &#8220;Escalabirres&#8221;, amb rècord d&#8217;altura i el “Llançament al pernil”, que s&#8217;ha convertit en un imprescindible de les últimes edicions. Això ha estat possible gràcies a les marques producte oficial Boreal, Singing Rock, +8000, Climbskin, Fixe i Edelrid, les marques de preses Grashopper, Thrill Seeker i Didak’s, les empreses d&#8217;alimentació Goya, Frit Ravich, Qualianza i Cervesa L&#8217;Aguila i la tenda especialitzada en productes de...
